digit of g?
4
Suppose -2*s = 2*g + 4 - 18, 3*g - 9 = s. What is the units digit of g*((-100)/(-8) - 3)?
8
What is the tens digit of 7614/11 - (140/(-77) + 2)?
9
Suppose 3*m - 110 = m + 2*h, -5*h = m - 67. Suppose m*t = 61*t - 860. What is the tens digit of t?
1
Suppose -5*l - 565 = -u, 2*l - 7*l - 2765 = -5*u. What is the tens digit of u?
5
Suppose 0 = -5*n + 15, 718 = -5*d - n + 3086. What is the hundreds digit of d?
4
Let b(d) = -d**3 - 5*d**2 + 14*d + 57. What is the units digit of b(-11)?
9
Suppose -9 = -4*c - 2*k - k, -3*c = 5*k - 15. Suppose -5*y + 138 + 232 = c. Suppose 2*b - y = 40. What is the units digit of b?
7
Let c = -29 - -23. Let q = 6 + c. Suppose q = f + 3*b - 18 + 3, 0 = -2*f + 5*b + 63. What is the tens digit of f?
2
Let l = 10814 - 6333. What is the hundreds digit of l?
4
What is the tens digit of (-4312)/(-6) + (-132)/198?
1
Suppose -a + 3*v + 1421 = 0, 0*v - v + 5684 = 4*a. What is the hundreds digit of a?
4
Suppose 3*l + 4*f + 27 = 0, 0 = 5*l + f + 17 + 11. Let u(w) = -7*w - 12. What is the units digit of u(l)?
3
Suppose -5*q + 8 = -q. Suppose -2*y = 2*y + q*w - 4, 0 = w + 2. Suppose -o = -v + y*v - 35, 20 = 5*o. What is the units digit of v?
1
Suppose 4*v - 20 = 0, -3*r + 2*v + v + 6 = 0. What is the hundreds digit of (-2 - 0)*(-66 + r)?
1
What is the units digit of 18071/7 - (-16)/(-28)?
1
Let s(p) = -p**2 - 10*p + 11. Let n be s(-10). Let y = -5 + n. What is the units digit of y?
6
Let h be 8/(-36) - 708/(-27). Let k = -2 + h. What is the tens digit of k?
2
What is the units digit of 12/(-28) - (2 + (-16893)/21)?
2
Let w = -1 - -27. Suppose h + w = 33. What is the tens digit of (h - (3 + 1)) + 32?
3
Let a(o) = 4*o - 50. Let r(d) = d - 10. Let h(v) = -3*a(v) + 14*r(v). Let y be h(7). Suppose -2*p + 84 = 4*s + y, s + 60 = 2*p. What is the units digit of p?
0
Suppose o = r - 30, -126 = -4*r - 5*o + 21. Suppose -2*u = -q + 33 + r, 0 = 2*q - 5*u - 136. What is the tens digit of q?
5
Suppose -4*l = 3*r - 15, 5*r = 3*r - 2*l + 10. Suppose -r*y + 3 = 8. What is the units digit of 3/3 - (-3 - y)?
3
Suppose -r - r = -24. Let p be 8/(-12) - (-80)/r. What is the units digit of (-3)/p - 196/(-8)?
4
Let x(o) = -o + 8. Let m be x(7). Let t be 3 - (-48 + 1)*m. What is the units digit of (-3)/2 + t/4?
1
Suppose -t = t + 152. What is the units digit of t*((-3)/16)/((-4)/(-48))?
1
Let u(o) = 4*o**2 - 158*o - 117. What is the units digit of u(43)?
5
Suppose -4*u = 15 - 75. Suppose -5*r = 3*v - 228, 5*r + 0 = -u. What is the units digit of v?
1
Let l(y) = -y**2 + 19*y - 7. Let v be l(8). Suppose r - v = -2. What is the units digit of r?
9
Let f be 1*(-4 - 18/(-3)). Suppose f*k - 5 = k. Suppose -k*z = -4*z - 40. What is the tens digit of z?
4
Let b(x) = 2*x + 37. Let r be b(-17). Let k = 13 + -9. Suppose k*h + j = 63, -15 = -r*h + h + 5*j. What is the units digit of h?
5
Let y(m) = 9 + 0*m + 35*m**2 + m - 10. Let f(n) = -2*n + 5. Let a be f(2). What is the tens digit of y(a)?
3
Suppose 0*c = 3*c + 3*h - 24, c + 12 = 4*h. Suppose i + 3*i - 144 = -c*d, 4*i = 5*d - 198. Let b = d + -1. What is the units digit of b?
7
Let z(o) = 16*o**2 - 12*o - 24. What is the hundreds digit of z(7)?
6
Let l(d) = 2*d**2 + 10*d + 14. What is the units digit of l(-19)?
6
Suppose -7 = i - 3*q, -6 = -3*i - 4*q + 12. Suppose -i*d + 62 = -44. What is the units digit of d?
3
Suppose -4*i + 0*i = -24. Let y(u) = -2*u**2 + 9*u - 2. Let o be y(i). What is the units digit of (35/o)/((-1)/12)?
1
Let h = 234 - 12. What is the tens digit of h?
2
Let y be 93/(-1) - (6 + -5)*1. Let u = y - -204. What is the units digit of u?
0
Suppose 5*i - 4*x - 4357 = 0, x = i - 4*x - 863. Suppose 0 = -2*s - i - 311. What is the units digit of 16/(-56) + s/(-14)?
2
Suppose 7*r - 652 - 5095 = 0. What is the units digit of r?
1
Let c = 13 - -10. Suppose 23 = 2*m + k - 10, 0 = 5*m + k - 84. Let x = c - m. What is the units digit of x?
6
Let u be (-264)/(-55) + 4/(-5) - 4. Let y(q) = 2*q**2 - 2*q**2 + q**2 + 2*q + 47. What is the tens digit of y(u)?
4
Let n(r) be the second derivative of 7*r**4/6 + 4*r**3/3 + 9*r**2 + 9*r. What is the tens digit of n(-3)?
2
Let a be 5 - (-1 + -2)/(-3). Suppose 48 = 7*n - a*n. Let v = n + -6. What is the tens digit of v?
1
Let u(d) = d**2 + 10*d - 4. Let t be u(-4). What is the tens digit of t/21*114/(-4)?
3
Suppose 4*l + l - 20 = 0. Suppose l*d = d. Suppose 3*x + d*x = -4*u + 35, 4*u + 4*x - 32 = 0. What is the units digit of u?
1
Let s = -204 - -2146. What is the tens digit of s?
4
What is the tens digit of (22/2)/((-26)/(-286))?
2
Suppose 4*a - 4 - 4 = 0. Suppose 4*j + a = 138. What is the units digit of j?
4
Suppose 0 = 2*r - g - 1066, r + 2*g + 3*g = 522. What is the units digit of r?
2
Let l(n) = n**3 - 6*n**2 - 6*n + 5. Let g be l(7). Suppose 5*z - g = -z. Suppose -2*f + z*p = -6 - 8, -3*p - 19 = -2*f. What is the units digit of f?
2
What is the units digit of -4328*(-8 + (-217)/(-28))?
2
Suppose 0 = 2*v - 1983 - 171. What is the units digit of v?
7
Let z = 14 - 10. Suppose 4*j = -z*j + 192. What is the units digit of j?
4
Let c = -2447 - -3484. What is the thousands digit of c?
1
Suppose -2 = 5*v - s, 0*s = 3*v + 2*s + 9. What is the units digit of 45 + 3 - (3 + -3)/v?
8
Let g = -1 + 6. Let l(f) = 5*f**2 + 0*f**2 - 4*f**2 - f. What is the units digit of l(g)?
0
Let o(h) = 11 - 10 - 4 + 239*h**2 + 1. What is the hundreds digit of o(1)?
2
Let m be (3 - 1 - -99)/(1 - 2). Let l = -4 - m. What is the tens digit of l?
9
Let m(g) = -g**2 - 8*g - 7. Let n be m(-7). Suppose -8*d + 350 + 1106 = n. What is the hundreds digit of d?
1
Let c(j) = -460*j + 64. Let o(q) = 51*q - 7. Let x(n) = 3*c(n) + 28*o(n). What is the tens digit of x(1)?
4
Let j be 0 + (-6)/(1 + -2). Let z(o) = -10 + 28 + 4*o - 15. What is the tens digit of z(j)?
2
Suppose 44*c - 561 = 3795. What is the units digit of c?
9
Let m(v) = 3*v - 7. Let a be m(5). What is the units digit of -3*1 - a/(-2)?
1
Let p be (-6)/2 - (97 + -1). Let k be 151/(-9) + 22/p. Let h = k + 34. What is the units digit of h?
7
Suppose p + 4*p = -15. Let l be (p/6)/(1/12). Let z(w) = -w**2 - 8*w - 1. What is the units digit of z(l)?
1
Suppose 3*o + 2*u = 2160 + 1082, -u = -5*o + 5412. What is the units digit of o?
2
Suppose 0 = 9*l - 10*l. Suppose u - 2*c - 192 = l, c = u - 260 + 66. What is the units digit of u?
6
Let k(a) = -3*a - 1. Let o be k(-5). Let x be 2/3 + 85/3. Let w = x - o. What is the tens digit of w?
1
Let b = -28 + 30. Suppose -t - b*i = -237, 6*t - 4*i = t + 1241. Suppose 3*z + 145 + 79 = 4*v, 0 = -5*v - 5*z + t. What is the units digit of v?
3
Let n(q) = 8*q + 9. Let l be n(-7). Let k = l - -68. What is the tens digit of k?
2
Suppose 2749 = 5*x - 4*i, -x + i - 4*i = -565. What is the units digit of x?
3
What is the units digit of (-25)/20 + (-378162)/(-72)?
1
What is the hundreds digit of (((-20)/(-25))/(-2))/((-1)/540)?
2
Let m(o) = 124*o**2 + 10*o + 9. Let g(n) = 83*n**2 + 7*n + 6. Let j(p) = -7*g(p) + 5*m(p). What is the tens digit of j(2)?
6
Let h be ((-8)/(-5))/(6/570). Let n = h - 2. Suppose 0 = 4*m + q - 215, 3*m - 3*q - n = -0*m. What is the units digit of m?
3
What is the units digit of (-4)/10 + 8554/105*3?
4
Let o(k) = -k - 1. Let i(w) = -6*w - 15. Let r(z) = 2*i(z) - 30*o(z). Let x = 562 - 560. What is the tens digit of r(x)?
3
Let b(q) = 93*q - 3. Let j be b(5). Suppose -j = -4*g + 2*p, 83 + 377 = 4*g - 4*p. What is the tens digit of g?
1
Suppose 15 = -0*o - 3*o - z, 4*z = -o + 6. Let u be 6 + -1 + 9 + o. Suppose -5*p + u*p = 75. What is the tens digit of p?
2
Let h(j) = j**2 - 8*j + 10. Let u be h(7). Suppose -89 = -u*p + 10. Suppose -79 = -3*g - 4*r + p, r + 28 = g. What is the units digit of g?
2
Let z(k) = -k**2 + 8*k - 3. Let s be z(8). Let a(y) = -2*y**3 + y**2 - y + 7. What is the tens digit of a(s)?
7
Let x = 0 - -2. Let p(l) = 2*l**3 - 4*l**2 + 3*l - 1. Let k be p(x). Suppose -132 = -5*n + 2*r, -k*n + r = -2*r - 133. What is the units digit of n?
6
Suppose 3*p + h - 10985 = 0, 4*p - 14630 = -5*h + 7*h. What is the tens digit of p?
6
Let j be (16/(-6))/(12/(-54))*1. Suppose -82*r = -81*r - j. What is the units digit of r?
2
Let g = -20 - -29. Suppose c - 4*i - 6 = g, -34 = -4*c + 3*i. What is the units digit of c?
7
Suppose 2*k = 5*h + 277, h - 5*k + 2*k + 45 = 0. Let r = h + 106. 